 17 + 28 = 0. Calculate the remainder when k is divided by c.
0
Suppose -3*r + 4*n = -23, -3*r + 22 = -3*n - 5. Calculate the remainder when (-875)/14*(1 - (3 - 0)) is divided by r.
8
Suppose 9*y = 18*y + 5040. Suppose 8 = 2*z - 0*z. What is the remainder when 129 is divided by z/(-6) + y/(-21)?
25
Let n = -119 - -183. Let f = -62 + n. Let a(i) = 2*i**2 - 4*i + 8. What is the remainder when 38 is divided by a(f)?
6
Suppose 28*t = 27*t + 5. Calculate the remainder when 41 is divided by (32/(-6))/(3*t/(-90)).
9
Let p = -237 + 252. Suppose 0 = 14*q - 11*q - p. What is the remainder when 15 is divided by q?
0
Suppose 4*n = -2*z + 58, 5*n + 3*z - 54 - 16 = 0. Suppose -3*r + 2*r = -46. Calculate the remainder when r is divided by n.
12
Let j = 39 - 37. Let g(u) = u**3 - 7*u**2 + 7*u - 4. Let y be g(6). Suppose -y*r = -2*q + 14, 3*q - j*r = -q + 32. What is the remainder when q is divided by 3?
0
Suppose -21*i + 1560 + 936 = -402. Calculate the remainder when i is divided by 33.
6
What is the remainder when 518 is divided by (-14 + 12)/(16/(-1320))?
23
Let c = -9147 + 9509. What is the remainder when c is divided by 11?
10
Let x = -3315 - -3539. Calculate the remainder when x is divided by 19.
15
Let k = 15 - 11. Suppose -5*c + 190 = 3*o - 0*o, -k*o = -2*c - 262. Let j(h) = -3*h + 6. Calculate the remainder when o is divided by j(-9).
32
Suppose -70*r + 85*r = 30. Let d(y) = 2*y - 3*y - y + 2*y**2 - 1. Calculate the remainder when 3 is divided by d(r).
0
Suppose 2*j - 28 = 2*g, 0*j - 4*g - 23 = -j. Let a(i) = 5*i - 27. Let w be a(5). Let z(v) = -16*v - 29. What is the remainder when j is divided by z(w)?
2
Suppose 0 = -4*n - 2*g + 65 - 17, 4*g = 3*n - 58. Suppose n*t - 116 = 13*t. Calculate the remainder when t is divided by 1/(-2) - 183/(-6).
26
Let d(y) = 286*y**2 + 103*y - 315. What is the remainder when d(6) is divided by 106?
105
Suppose -159 = -7*y - 5. Suppose 17*o - y*o = -1175. Suppose 42*z = 37*z + o. What is the remainder when z is divided by 6?
5
Let a(z) = -5*z - 38. Let g(s) = 2*s + 1. Let v(y) = -a(y) - 4*g(y). Calculate the remainder when 52 is divided by v(9).
3
Suppose -l - 5*q + 3 = 0, 2*q - 76 = -3*l - 2. Let d(n) = -n**3 + 5*n**2 + 7*n - 3. Calculate the remainder when (-39)/(-4) + 7/l is divided by d(6).
1
Let o(d) = 2*d**3 - 30*d**2 + 2*d + 106. What is the remainder when o(17) is divided by 103?
60
Suppose 1786*a + 42 - 102 = 1776*a. Suppose -3*t + 98 = -2*t. Suppose a*q = -q + t. What is the remainder when 69 is divided by q?
13
Suppose 14*t - 43*t = 522. Calculate the remainder when 204 is divided by 825/20 - (t/(-8) + -2).
40
Let s = 181 - 707. What is the remainder when 23/46 - (s/4 - 2) is divided by 43?
5
Let o(u) = u**2 - 15*u - 330. Calculate the remainder when 232 is divided by o(-14).
4
Let m(x) = 5*x**2 - 2*x + 1. Let f = 496127 + -496087. What is the remainder when f is divided by m(2)?
6
Let j = 12660 + -11821. What is the remainder when j is divided by 13?
7
Suppose -151*y = -150*y - 28. Suppose -720 = -y*k - 2*k. What is the remainder when 115 is divided by k?
19
Let m = 145 + 226. Calculate the remainder when m is divided by 166.
39
Let h(i) = 61*i + 10. Let u be h(-6). Calculate the remainder when 14 is divided by u/(-32) + 6/(-48).
3
Let t(n) = 3*n**2 - 18 + 7*n**2 + 11*n - 6*n - 3*n**2. What is the remainder when 657 is divided by t(3)?
57
Let r = 246 - 246. Suppose r = 10*l - 14*l + 80. What is the remainder when 68 is divided by l?
8
Let w(j) = -j**3 - 2*j**2 + 6*j + 1. Suppose 39 = 4*k + 95. Let c = 10 + k. Calculate the remainder when 31 is divided by w(c).
4
Let x be 20/(-25) + 2798/10. Suppose 0 = 3*c - x + 243. Calculate the remainder when 21 + -3 + 2 + 0 is divided by c.
8
Suppose 169*p = 167*p - w + 9, 3*p - 18 = 3*w. What is the remainder when 806 is divided by p?
1
Suppose 28*k + 316*k - 24*k = 1992640. Calculate the remainder when k is divided by 9.
8
Suppose 40 = -3*v - m + 69, -4*m = -v + 1. Let l(o) = 9*o**3 - o. Let k be l(1). What is the remainder when 2/k - 175/(-4) is divided by v?
8
Let d = -372 - 10. Let p = d + 616. What is the remainder when p is divided by 79?
76
Calculate the remainder when ((-98)/(-735))/((-6)/(-90270)) is divided by 57.
11
Let n(b) = -b**3 - 3*b**2 + 4*b + 8. Let q be n(0). Calculate the remainder when 98*(-3 + 28/q) is divided by 13.
10
Suppose -5*c = -5*w - 395, 4*c - 15*w - 336 = -16*w. Calculate the remainder when 118 is divided by c.
35
Let t be (-5)/(5/(-126)) + -2. Let m = t - 45. What is the remainder when m is divided by (0 + 15)/((-3)/(-4))?
19
Let z(y) = -8*y**2 + 156*y - 57. Calculate the remainder when 4350 is divided by z(19).
18
Suppose -32*c + 1152 = -49*c + 33*c. What is the remainder when 989 is divided by c?
53
What is the remainder when 248 is divided by (1/1)/(33/561)?
10
Let w(i) = -i**3 + i**2 + 18*i + 12. What is the remainder when 5567 is divided by w(0)?
11
Suppose 4*n = -5*w + 491, 2*w - 300 = -w + 3*n. Calculate the remainder when 382 is divided by w.
85
Let l(b) = 5*b**3 - 49*b**2 - 41*b - 20. Let i(r) = 4*r**3 - 48*r**2 - 43*r - 21. Let n(s) = 3*i(s) - 2*l(s). What is the remainder when 2 is divided by n(24)?
0
Suppose -28*t + 34*t = 102. Let j(a) = a**3 - 18*a**2 + 37*a - 22. Calculate the remainder when j(t) is divided by 64.
62
Let a be ((-28)/6)/((-18)/27). Let s(q) = -q**2 + 6*q - 15. Let w be s(a). Let x = w + 37. What is the remainder when 56 is divided by x?
11
Suppose 12*c = 2*w + 17*c - 45, 0 = 4*w - 5*c - 15. Calculate the remainder when 32 is divided by w.
2
Suppose 175*g = 382*g - 179*g - 4032. Calculate the remainder when 323 is divided by g.
35
Suppose -3*g + 1127 = -91. Let t = 5033 - 4982. What is the remainder when g is divided by t?
49
Let c = -24300 + 24852. Calculate the remainder when c is divided by 70.
62
Let g(o) = -5*o**2 + 119*o - 177. Calculate the remainder when g(21) is divided by ((-2)/6)/((-2)/66).
7
Let s(i) = -10*i**3 + 7*i**2 + 44*i + 63. Calculate the remainder when s(-3) is divided by 16.
8
Suppose 84*m - 1089 = -3*j + 87*m, 5*j + 5*m = 1855. Calculate the remainder when j is divided by 183.
1
Let j(x) = -x**3 - 16*x**2 - 20*x - 39. What is the remainder when 433 is divided by j(-15)?
1
Let s(m) = m**2 - 9*m + 6. Let r be s(9). Let g be (-4 - (r - 5)) + 568. Let d = g - 352. Calculate the remainder when d is divided by 43.
39
Let t = -21399 + 21496. Calculate the remainder when 12706 is divided by t.
96
Let z = 12 - -168. Let v = z - 150. Calculate the remainder when 105 is divided by v.
15
Let a be (11 + -7)*-2*1/2. Let r(q) = -q**3 + 6*q**2 - 4*q - 2. What is the remainder when (a*(-65)/50)/((-10)/(-50)) is divided by r(4)?
12
Suppose u + 1 = 0, -3*u - 264 - 18 = -3*q. Let h(z) = 2*z**2 + 16*z - 3. Let x be h(-8). Calculate the remainder when q is divided by -4 - -5 - (137 + 1)/x.
46
Let m(r) = 16*r**3 - 3*r**2 + 4*r + 3. Let z = 94 - 92. Suppose -2*t = -3*t + 26. Calculate the remainder when m(z) is divided by t.
23
Let z(b) = b**2 - 7*b + 12. Let j be z(5). What is the remainder when 46 is divided by (-2)/((-7)/287*j)?
5
Suppose -f = 3*r - 473, r - 6*r + 770 = -2*f. Suppose 0 = -20*v - 32*v + r. What is the remainder when 103 is divided by v?
1
Let t be -2 - 3 - -4 - (-3 + 0). Suppose -t*m = -10*r + 5*r + 212, 4*r - 188 = -3*m. What is the remainder when r is divided by 9?
8
Let j = 56 + -56. Suppose -9*v + 54 - 27 = j. Calculate the remainder when 4 is divided by v.
1
Suppose 0 = v - 40 - 828. Calculate the remainder when v is divided by 46.
40
Suppose 75*u = 151*u - 71*u - 95. Suppose 0 = -3*w - 5*w + 1968. What is the remainder when w is divided by u?
18
Let q = -113 - 80. Let o = -141 - q. Calculate the remainder when 155 is divided by o.
51
What is the remainder when 5565 is divided by (4/3 - 2)/(65/(-4680))?
45
Suppose -26*l - 22*l + 99996 = -35*l. Calculate the remainder when l is divided by 74.
70
Let d(a) = -214*a**3 + 3*a**2 + 66*a + 136. What is the remainder when d(-2) is divided by 109?
93
Suppose -213 = 5*o - 4*q, -2*q = -2*o - 3*o - 219. Let w = -38 - o. What is the remainder when 48 is divided by w?
6
Suppose 0 = -1229*n + 1234*n - 170. Suppose -11*p = -n*p + 736. What is the remainder when p is divided by 28?
4
Let d(u) = 13*u + 7. Let k(l) = l**2 - 13*l - 6. Let z(g) = 3*d